- 2*g**2. Give i(x).
2
Let h(k) be the second derivative of 0 - 1/12*k**4 + 5/6*k**3 - 5*k + 3*k**2. Let l be (-4)/10*(-10 + (-10)/2). Calculate h(l).
0
Let u(k) = k**2 - 15*k + 35. Let y(l) = -2*l**3 - 17*l**2 - 19*l + 26. Let t be y(-7). What is u(t)?
-1
Let z(r) = 4*r**3 + 31*r**2 - 43*r - 7. Let s(p) = 2*p**3 - p**2 - 4*p + 1. Let g(w) = 3*s(w) - z(w). Calculate g(16).
-6
Let w(d) be the second derivative of d**4/12 - d**3/2 - 2*d**2 - 30*d. Let s = -284 + 289. What is w(s)?
6
Let m(s) = -s**3 + 18*s**2 - 16*s + 4. Let x be (1/(3/17))/(9 - (-390)/(-45)). Calculate m(x).
21
Let s(a) = -2*a - 18. Let y be ((-1)/(-4))/(2/16). Suppose z = -1 + y, -5*q + 4*z = 44. Determine s(q).
-2
Let v = -77 - -80. Let k(q) = -9*q**3 + 13*q**2 - q**3 + 4*q**v + 6 - q**2 + 5*q**3 - 12*q. What is k(11)?
-5
Let n(g) = 343*g + 10. Let v(k) = 274*k + 9. Let o(d) = 4*n(d) - 5*v(d). Let p = 18 - 11. Give o(p).
9
Suppose 24 = 3*t + 3*s, 5*t - 1 = 3*s + 23. Let h(q) = 3*q + 14313*q**3 - 4 - t*q**2 + 5*q - 14312*q**3. Calculate h(5).
11
Let x(a) = a**2 + 13*a + 8. Let i be x(-8). Let b be (-15)/(-12) + 264/i. Let n(r) = r**3 + 6*r**2 - 8*r - 3. What is n(b)?
4
Let x(m) be the second derivative of -m**4/12 + 2*m**3 + m**2/2 + 2*m - 21. Let t(v) = -v**3 - 22*v**2 - 21*v + 12. Let d be t(-21). What is x(d)?
1
Let d(w) be the second derivative of 1/20*w**5 + 1/6*w**3 - 2*w - 5 + 2*w**2 - 5/12*w**4. Let k = -5 + 10. Calculate d(k).
9
Let v(o) = -o**3 - 3*o. Let k(l) = -l**3 - l + 1. Let a(q) = 21*q**3 + 13*q + 4. Let z(d) = -a(d) + 5*k(d). Let c(x) = 6*v(x) - z(x). Give c(-1).
-21
Suppose 4*o - 11 = 2*k - 15, 2*k - 9 = 3*o. Let y(l) be the first derivative of -3*l**2 + 1/3*l**3 + k + 3*l. Determine y(5).
-2
Let w = -1881 + 1870. Let m(x) be the third derivative of x**6/120 + x**5/6 - 11*x**4/24 - 11*x**3/6 + 27*x**2. Give m(w).
-11
Let m(w) = 40*w + 52. Let t(b) = 30*b + 39. Let g(i) = 8*m(i) - 11*t(i). Give g(-2).
7
Suppose 0 = -3*d + 41 - 8. Suppose -61 = -5*a - d. Let y(t) = 7 - 5 - 6 - 2 + t. Determine y(a).
4
Let m(n) be the first derivative of 3*n**2/2 + 2*n - 2. Let b be m(-19). Let j = b - -49. Let g(d) = -d**2 - 3*d + 5. Determine g(j).
-13
Let w(g) = -22 - 3*g**2 - 4019*g + 4033*g + 2*g**2. Let d be w(12). Let s(k) = 98*k**d + 8*k - 8 - 47*k**2 - 52*k**2. Calculate s(6).
4
Let r(d) be the first derivative of -d**4 - d**3/3 - d**2/2 - 2*d + 912. Give r(2).
-40
Let z(l) = -4 + 7*l**3 - 3*l + 6*l + l**2 + 2*l**2. Let a(p) = -15*p**3 - 7*p**2 - 7*p + 8. Let o(u) = -6*a(u) - 13*z(u). Let n = -450 + 454. What is o(n)?
0
Let o = -4422 + 4433. Let g(l) = -2*l**2 + 16*l + 44. Calculate g(o).
-22
Let v(m) = m + 11. Suppose -7*j - 35 = -14*j. Suppose -j*l + 9 = -a, -5*a - 45 = 5*l - 0*l. What is v(a)?
2
Suppose -75 + 97 = 11*a. Let m be 2 - 5 - 3 - (a - 3). Let w(p) = p**2 + 9*p + 12. Calculate w(m).
-8
Let g(h) = 3*h**2 + h + 1. Suppose -3*v + 30 = 3*t, -t + 50 = t - 4*v. Let f(c) = 3*c - c + t - 6*c. Let q be f(4). Give g(q).
3
Let w(z) = -2*z**2 - 11*z + 25. Let u be w(-7). Let y(l) = -1 - l**3 + 0*l + 5*l**2 - 1 + l. Calculate y(u).
18
Let l = 3125 + -3098. Let a(z) = -z**2 + 31*z - 109. Determine a(l).
-1
Let b(q) = 32*q**2 - 226*q + 15. Suppose 56 - 26 = 4*u - h, 0 = 5*u + 3*h - 29. Determine b(u).
1
Let k(t) be the third derivative of t**5/60 + 7*t**4/24 - 14*t**3/3 - 42*t**2 - 50. Give k(-9).
-10
Let b(l) = -29*l + 6 + 15*l + 4*l**3 + 3*l**2 + 6*l. Let q(u) = 7*u**3 + 7*u**2 - 15*u + 11. Let m(a) = -5*b(a) + 3*q(a). Give m(-6).
33
Suppose 0 = -3*y - 3*y - 702. Let h = y - -117. Suppose h*s - 3*k = -2*s + 24, 2*s + k = 8. Let w(g) = -2*g - 4. Determine w(s).
-16
Let f(j) be the first derivative of j**4/4 + j**3 - 3*j**2 - 4*j - 124. Let t be (-1)/(-2) + (-5)/10. Let g be (-4 - (t + -2))*2. What is f(g)?
4
Let c(d) be the second derivative of -d**4/12 - 17*d**3/6 + 43*d**2 - 1095*d. What is c(-21)?
2
Let b(d) = d**3 - 2*d - 2*d**3 - 8*d**2 - 7*d + 0*d. Suppose -4*g + c + 16 = 0, 2*g - 2*c = 4 - 2. Let f(j) = -j - 1. Let y be f(g). What is b(y)?
-18
Let z = -11125 + 11127. Let k(h) be the third derivative of 1/12*h**4 + 0 + 0*h - 7*h**z + 1/60*h**5 - 1/3*h**3. Calculate k(-3).
1
Let a = 115 + -113. Let r(k) be the first derivative of k**4/6 - 2*k**3/3 + 3*k**2/2 - 6*k - 8. Let g(z) be the first derivative of r(z). Give g(a).
3
Let k(p) be the first derivative of p**5/20 + 5*p**4/6 - 11*p**3/6 + p**2 + 22*p - 45. Let x(w) be the first derivative of k(w). Determine x(-11).
2
Let s(f) be the third derivative of f**5/60 - 17*f**4/24 + 4*f**3 - 19*f**2 + 2*f. Give s(16).
8
Let z(q) = -455 + 11*q + 981 - 479. Determine z(-5).
-8
Let r(t) = t**3 - 8*t**2 + 10*t + 7. Let p be ((-560)/(-30))/8 - (-1)/(-3). Suppose 9*n - 8 = -p*o + 7*n, 3*o + 4*n - 10 = 0. What is r(o)?
-5
Let w(b) = -16*b - 1. Let d(m) = 2*m**2 + 10*m - 5. Let s be d(-5). Let c be s/(-2) + (-168)/112. Give w(c).
-17
Suppose 5*i + 67 = p, 0 = 16*i + 2*p - 4*p + 218. Let q(f) = f**3 + 13*f**2 - 10*f + 13. Give q(i).
-43
Let t(m) = 2*m**2 + 15*m - 124. Suppose -2012 = -78*a - 1622. What is t(a)?
1
Let t be 11 - 4 - (-7 + -3)/5. Let z(l) be the second derivative of -l**4/12 + 5*l**3/3 - l**2 - 3*l. What is z(t)?
7
Let c = -22 + 20. Let y be ((-36)/15)/(-4)*(c + 7). Let s(t) = -2*t**3 + t**2 + 4*t. Calculate s(y).
-33
Let z(d) be the third derivative of d**6/360 - d**4/24 + 17*d**3/6 + 21*d**2. Let w(q) be the first derivative of z(q). Let l = -5 + 3. Give w(l).
3
Let o(q) be the second derivative of -1/720*q**6 + 0*q**5 + 0 + 5/4*q**4 - 29*q + 0*q**2 + 0*q**3. Let v(d) be the third derivative of o(d). What is v(4)?
-4
Let l be (-99)/(-15) + (13/(-5) - -3). Let s(z) = -3 + z - 5*z + l + 7. What is s(5)?
-9
Let w = -698 - -708. Let u(a) = -a**2 + 10*a - 6. Calculate u(w).
-6
Let a(z) be the first derivative of -z**7/840 - z**6/72 + 7*z**5/120 - z**4/8 - 2*z**3/3 + 2*z - 125. Let o(p) be the third derivative of a(p). Give o(-6).
-9
Let a(f) = -7*f + 23. Let q be a(-10). Let k(b) = 39 + 43 - b - q. Calculate k(-18).
7
Let f(m) = m + 2. Let l be (-6)/4*((-9600)/(-9))/(-10). Let d be (-5)/(-50) - 1296/l. Calculate f(d).
-6
Let t(j) be the second derivative of j**3/6 - 3*j. Let w = 5 - -2. Let b be 35/(-49) - 2/w. What is t(b)?
-1
Let p = 559 - 284. Let j = p - 276. Let v(t) = -6*t**2. What is v(j)?
-6
Let b(g) = -g**2 + 5*g. Suppose -37*u + 40 = -35*u. Suppose -2*t + 2*h = -20, 0 = -t + 2*h - 7*h - u. Suppose 1 = l + o - 6, 3*o + 19 = t*l. Determine b(l).
0
Suppose 0 = -254*a + 236*a + 72. Let m be 324/78 - a - (-10)/(-65). Let x(f) = f**2 - f + 31. What is x(m)?
31
Suppose -8*y - 4*y = 216. Let q(b) be the third derivative of -b**6/120 - 17*b**5/60 + 3*b**4/4 + b**3/6 + 464*b**2. Give q(y).
1
Let c(d) = -23*d**2 + 22*d - 27. Let p(k) = 27*k**2 - 20*k + 29. Let n(r) = -6*c(r) - 5*p(r). What is n(10)?
-3
Let c be 70/(-112) + (-126)/(-48). Let j(i) = -2*i**3 - i**2 + 3*i - 1. Calculate j(c).
-15
Let g(c) = -279*c + 194. Let o(w) = 160*w - 97. Let k(z) = 4*g(z) + 7*o(z). What is k(0)?
97
Suppose -13*t = -12*t - 10. Let d be (4/t)/(18/(-90)). Let b(v) = 2*v - 1. Determine b(d).
-5
Let j be 14/3 + (-6)/(-18). Suppose -2*z + z + 14 = 0. Suppose j*m + z = 29. Let d(t) = t + 3. Determine d(m).
6
Let q(n) = -n**2 - 11*n - 6. Let m(d) = -45*d - 40. Let l be m(-3). Let p = l + -105. Give q(p).
4
Let z(d) = -d**2 + 2*d + 1. Suppose 18*x = -1047 + 1029. Calculate z(x).
-2
Let b(y) be the third derivative of y**6/120 - y**5/4 + 29*y**4/24 - 4*y**3 - 83*y**2 - 18. Give b(13).
15
Let k(r) = 9*r + 13665 - 13672 + 15*r**2 - 10*r**2 - 4*r**2. Suppose -2*m = m + 24. Give k(m).
-15
Let q(m) be the first derivative of -m**4/4 + 8*m**3/3 - 3*m**2 + 6*m + 11. Suppose -5*i - 36 = -3*s, -4*s + 28 = -5*i - 15. Calculate q(s).
13
Let g(d) = d**2 - 9*d + 6. Suppose -13*j - 3 = -10*j. Let u be j/(((-3)/7)/3). Calculate g(u).
-8
Let w(g) = g**3 - 6*g**2 + 14*g - 6. Let f(u) = 230*u**2 - 1377*u - 13. Let i be f(6). What is w(i)?
39
Let p(g) = 12*g**2 - 7*g - 7. Let j = 640 + -641. Let m be p(j). Let b(n) = n**3 - 11*n**2 - 11*n + 5. Calculate b(m).
17
Let t(i) = i**2 + 6*i + 7. Suppose -82*x - 252 - 99 = 305. What is t(x)?
23
Suppose 2*r + 13 = 3*i + 24, 12 = 4*r + 4*i. Let p(j) be the first derivative of 19 - 3*j**2 + 1/4*j**r - 4*j + 2*j**3. Wha